{"id":175,"date":"2015-05-14T09:46:07","date_gmt":"2015-05-14T13:46:07","guid":{"rendered":"http:\/\/demos.volovar.net\/townpress.wp\/demo\/?page_id=175"},"modified":"2016-05-06T09:46:22","modified_gmt":"2016-05-06T07:46:22","slug":"home-1","status":"publish","type":"page","link":"https:\/\/oudoubice.cz\/","title":{"rendered":"Dom\u016f"},"content":{"rendered":"<p>[vc_row full_width=&#8220;&#8220; parallax=&#8220;&#8220; parallax_image=&#8220;&#8220;][vc_column width=&#8220;1\/1&#8243;]<div class=\"c-directory m-has-icon m-3-columns\"><div class=\"c-content-box\"><div class=\"directory-inner\"><i class=\"ico-shadow tp tp-road-sign\"><\/i><h2 class=\"directory-title\"><i class=\"ico tp tp-road-sign\"><\/i>Co <strong>V\u00e1s zaj\u00edm\u00e1?<\/strong><\/h2><div class=\"directory-content\"><div class=\"menu-menu-na-uvodce-container\"><ul id=\"menu-menu-na-uvodce\" class=\"directory-menu\"><li id=\"menu-item-836\" class=\"menu-item menu-item-type-post_type menu-item-object-page menu-item-has-children menu-item-836\"><a href=\"https:\/\/oudoubice.cz\/index.php\/town-history\/\">Obec Doubice<\/a>\n<ul class=\"sub-menu\">\n\t<li id=\"menu-item-842\" class=\"menu-item menu-item-type-post_type menu-item-object-page menu-item-842\"><a href=\"https:\/\/oudoubice.cz\/index.php\/news\/\">Novinky<\/a><\/li>\n\t<li id=\"menu-item-1546\" class=\"menu-item menu-item-type-post_type_archive menu-item-object-lsvrevent menu-item-1546\"><a href=\"https:\/\/oudoubice.cz\/index.php\/events\/\">Ud\u00e1losti<\/a><\/li>\n\t<li id=\"menu-item-834\" class=\"menu-item menu-item-type-custom menu-item-object-custom menu-item-834\"><a href=\"http:\/\/oudoubice.cz\/index.php\/notices\/\">D\u016fle\u017eit\u00e1 ozn\u00e1men\u00ed<\/a><\/li>\n\t<li id=\"menu-item-851\" class=\"menu-item menu-item-type-custom menu-item-object-custom menu-item-851\"><a href=\"http:\/\/oudoubice.cz\/index.php\/category\/uredni-deska\/\">\u00da\u0159edn\u00ed deska<\/a><\/li>\n\t<li id=\"menu-item-840\" class=\"menu-item menu-item-type-post_type menu-item-object-page menu-item-840\"><a href=\"https:\/\/oudoubice.cz\/index.php\/uzemni-plan\/\">\u00dazemn\u00ed pl\u00e1n<\/a><\/li>\n\t<li id=\"menu-item-841\" class=\"menu-item menu-item-type-post_type menu-item-object-page menu-item-841\"><a href=\"https:\/\/oudoubice.cz\/index.php\/zastupitelstvo\/\">Zastupitelstvo<\/a><\/li>\n\t<li id=\"menu-item-2929\" class=\"menu-item menu-item-type-post_type menu-item-object-page menu-item-2929\"><a href=\"https:\/\/oudoubice.cz\/index.php\/vodovod-obecne-informace\/\">Vodovod<\/a><\/li>\n\t<li id=\"menu-item-2928\" class=\"menu-item menu-item-type-post_type menu-item-object-page menu-item-2928\"><a href=\"https:\/\/oudoubice.cz\/index.php\/town-history\/gdpr\/\">GDPR<\/a><\/li>\n<\/ul>\n<\/li>\n<li id=\"menu-item-838\" class=\"menu-item menu-item-type-post_type menu-item-object-page menu-item-has-children menu-item-838\"><a href=\"https:\/\/oudoubice.cz\/index.php\/komunita\/\">Komunita<\/a>\n<ul class=\"sub-menu\">\n\t<li id=\"menu-item-1549\" class=\"menu-item menu-item-type-post_type menu-item-object-page menu-item-1549\"><a href=\"https:\/\/oudoubice.cz\/index.php\/muzeum\/\">Muzeum<\/a><\/li>\n\t<li id=\"menu-item-1550\" class=\"menu-item menu-item-type-post_type menu-item-object-page menu-item-1550\"><a href=\"https:\/\/oudoubice.cz\/index.php\/town-history\/knihovna\/\">Knihovna<\/a><\/li>\n\t<li id=\"menu-item-1548\" class=\"menu-item menu-item-type-post_type menu-item-object-page menu-item-1548\"><a href=\"https:\/\/oudoubice.cz\/index.php\/spolek-pratel-doubice\/\">Spolek p\u0159\u00e1tel Doubice<\/a><\/li>\n\t<li id=\"menu-item-1547\" class=\"menu-item menu-item-type-post_type_archive menu-item-object-lsvrgallery menu-item-1547\"><a href=\"https:\/\/oudoubice.cz\/index.php\/galleries\/\">Fotogalerie<\/a><\/li>\n\t<li id=\"menu-item-1722\" class=\"menu-item menu-item-type-custom menu-item-object-custom menu-item-1722\"><a href=\"http:\/\/www.webkamery.cz\/webkamery\/db-ou\/webcam.jpg\">Webkamera<\/a><\/li>\n\t<li id=\"menu-item-2922\" class=\"menu-item menu-item-type-post_type menu-item-object-page menu-item-2922\"><a href=\"https:\/\/oudoubice.cz\/index.php\/newslettery\/\">Newslettery<\/a><\/li>\n<\/ul>\n<\/li>\n<li id=\"menu-item-839\" class=\"menu-item menu-item-type-post_type menu-item-object-page menu-item-has-children menu-item-839\"><a href=\"https:\/\/oudoubice.cz\/index.php\/pro-turisty\/\">Pro turisty<\/a>\n<ul class=\"sub-menu\">\n\t<li id=\"menu-item-843\" class=\"menu-item menu-item-type-post_type menu-item-object-page menu-item-843\"><a href=\"https:\/\/oudoubice.cz\/index.php\/pensiony-a-restaurace\/\">Pensiony a restaurace<\/a><\/li>\n\t<li id=\"menu-item-844\" class=\"menu-item menu-item-type-post_type menu-item-object-page menu-item-844\"><a href=\"https:\/\/oudoubice.cz\/index.php\/tipy-na-vylety\/\">Tipy na v\u00fdlety<\/a><\/li>\n\t<li id=\"menu-item-846\" class=\"menu-item menu-item-type-post_type menu-item-object-page menu-item-846\"><a href=\"https:\/\/oudoubice.cz\/index.php\/zajimavosti-v-obci\/\">Zaj\u00edmavosti v obci<\/a><\/li>\n\t<li id=\"menu-item-7227\" class=\"menu-item menu-item-type-post_type menu-item-object-page menu-item-7227\"><a href=\"https:\/\/oudoubice.cz\/index.php\/pro-turisty\/virtualni-prohlidka-obce\/\">Virtu\u00e1ln\u00ed prohl\u00eddka obce<\/a><\/li>\n<\/ul>\n<\/li>\n<li id=\"menu-item-3858\" class=\"menu-item menu-item-type-post_type menu-item-object-page menu-item-3858\"><a href=\"https:\/\/oudoubice.cz\/index.php\/tc-mozkove-lazne-doubice\/\">TC Mozkov\u00e9 l\u00e1zn\u011b Doubice<\/a><\/li>\n<\/ul><\/div><\/div><\/div><\/div><\/div><div class=\"c-article-list m-has-icon m-has-featured\"><div class=\"c-content-box\"><div class=\"article-list-inner\"><i class=\"ico-shadow tp tp-reading\"><\/i><h2 class=\"article-list-title\"><i class=\"ico tp tp-reading\"><\/i><a href=\"https:\/\/oudoubice.cz\/index.php\/news\/\">Doubick\u00e9 <strong>novinky<\/strong><\/a><\/h2><div class=\"article-list-content\"><article class=\"featured-article\"><div class=\"article-core\"><h3 class=\"article-title\"><a href=\"https:\/\/oudoubice.cz\/index.php\/2026\/04\/08\/verejna-vyhlaska-omezeni-vstupu-do-np-ceske-svycarsko-pozarni-riziko\/\">Ve\u0159ejn\u00e1 vyhl\u00e1\u0161ka &#8211; omezen\u00ed vstupu do NP \u010cesk\u00e9 \u0160v\u00fdcarsko &#8211; po\u017e\u00e1rn\u00ed riziko<\/a><\/h3><div class=\"article-date\"><i class=\"ico tp tp-clock2\"><\/i>8.4.2026<\/div><div class=\"article-excerpt\"><p>08.04.2026 &#8211; ve\u0159ejn\u00e1 vyhl\u00e1\u0161ka, opat\u0159en\u00ed obecn\u00e9 povahy, p\u0159\u00edloha<\/p>\n<\/div><\/div><\/article><article class=\"brief-article\"><h3 class=\"article-title\"><a href=\"https:\/\/oudoubice.cz\/index.php\/2026\/04\/07\/navrh-opatreni-obecne-povahy-aopk-bolsevnik-velkolepy\/\">N\u00e1vrh opat\u0159en\u00ed obecn\u00e9 povahy AOPK Bol\u0161evn\u00edk velkolep\u00fd<\/a><\/h3><div class=\"article-date\">7.4.2026<\/div><\/article><article class=\"brief-article\"><h3 class=\"article-title\"><a href=\"https:\/\/oudoubice.cz\/index.php\/2026\/04\/01\/zamer-pronajmu-obecniho-majetku-pozemek-pred-ou-k-provozu-bistra\/\">Z\u00e1m\u011br pron\u00e1jmu obecn\u00edho majetku  &#8211; pozemek p\u0159ed O\u00da k provozu bistra<\/a><\/h3><div class=\"article-date\">1.4.2026<\/div><\/article><article class=\"brief-article\"><h3 class=\"article-title\"><a href=\"https:\/\/oudoubice.cz\/index.php\/2026\/03\/30\/otevreni-bistra-u-bartacku\/\">Otev\u0159en\u00ed bistra u Bart\u00e1\u010dk\u016f<\/a><\/h3><div class=\"article-date\">30.3.2026<\/div><\/article><article class=\"brief-article\"><h3 class=\"article-title\"><a href=\"https:\/\/oudoubice.cz\/index.php\/2026\/03\/25\/verejna-vyhlaska-oop-vylouceni-vstupu-do-lesa-np-ceske-svycarsko-2\/\">Ve\u0159ejn\u00e1 Vyhl\u00e1\u0161ka &#8211; OOP vylou\u010den\u00ed vstupu do lesa NP \u010cesk\u00e9 \u0160v\u00fdcarsko<\/a><\/h3><div class=\"article-date\">25.3.2026<\/div><\/article><p class=\"more-btn-holder\"><a href=\"https:\/\/oudoubice.cz\/index.php\/news\/\">V\u0161echny novinky<\/a><\/p><\/div><\/div><\/div><\/div>[\/vc_column][\/vc_row]<\/p>\n","protected":false},"excerpt":{"rendered":"<p>[vc_row full_width=&#8220;&#8220; parallax=&#8220;&#8220; parallax_image=&#8220;&#8220;][vc_column width=&#8220;1\/1&#8243;][\/vc_column][\/vc_row]<\/p>\n","protected":false},"author":1,"featured_media":0,"parent":0,"menu_order":0,"comment_status":"closed","ping_status":"closed","template":"","meta":{"_mi_skip_tracking":false,"_monsterinsights_sitenote_active":false,"_monsterinsights_sitenote_note":"","_monsterinsights_sitenote_category":0},"_links":{"self":[{"href":"https:\/\/oudoubice.cz\/index.php\/wp-json\/wp\/v2\/pages\/175"}],"collection":[{"href":"https:\/\/oudoubice.cz\/index.php\/wp-json\/wp\/v2\/pages"}],"about":[{"href":"https:\/\/oudoubice.cz\/index.php\/wp-json\/wp\/v2\/types\/page"}],"author":[{"embeddable":true,"href":"https:\/\/oudoubice.cz\/index.php\/wp-json\/wp\/v2\/users\/1"}],"replies":[{"embeddable":true,"href":"https:\/\/oudoubice.cz\/index.php\/wp-json\/wp\/v2\/comments?post=175"}],"version-history":[{"count":5,"href":"https:\/\/oudoubice.cz\/index.php\/wp-json\/wp\/v2\/pages\/175\/revisions"}],"predecessor-version":[{"id":847,"href":"https:\/\/oudoubice.cz\/index.php\/wp-json\/wp\/v2\/pages\/175\/revisions\/847"}],"wp:attachment":[{"href":"https:\/\/oudoubice.cz\/index.php\/wp-json\/wp\/v2\/media?parent=175"}],"curies":[{"name":"wp","href":"https:\/\/api.w.org\/{rel}","templated":true}]}}