{"id":189,"date":"2015-05-14T11:47:13","date_gmt":"2015-05-14T15:47:13","guid":{"rendered":"http:\/\/demos.volovar.net\/townpress.wp\/demo\/?page_id=189"},"modified":"2026-02-11T19:17:02","modified_gmt":"2026-02-11T18:17:02","slug":"town-council","status":"publish","type":"page","link":"https:\/\/oudoubice.cz\/index.php\/town-council\/","title":{"rendered":"Obecn\u00ed \u00fa\u0159ad"},"content":{"rendered":"<p>[vc_row][vc_column][vc_column_text]<\/p>\n<h3><strong>Povinn\u011b zve\u0159ej\u0148ovan\u00e9 informace<\/strong><\/h3>\n<p>Povinn\u011b zve\u0159ej\u0148ovan\u00e9 informace podle vyhl\u00e1\u0161ky \u010d. 442\/2006, kter\u00e1 stanov\u00ed strukturu informac\u00ed zve\u0159ej\u0148ovan\u00fdch o povinn\u00e9m subjektu dle \u00a7 5 odst. 1 a 2 z\u00e1kona \u010d. 106\/1999 Sb., o svobodn\u00e9m p\u0159\u00edstupu k informac\u00edm, ve zn\u011bn\u00ed pozd\u011bj\u0161\u00edch p\u0159edpis\u016f.<strong>\u00a0<\/strong><\/p>\n<ol>\n<li><strong> N\u00e1zev: <\/strong>Obec Doubice, Obecn\u00ed \u00fa\u0159ad Doubice<\/li>\n<li><strong> D\u016fvod a zp\u016fsob zalo\u017een\u00ed: <\/strong>Obec Doubice je zalo\u017eena v souladu se z\u00e1konem \u010d. 128\/2000 Sb. o obc\u00edch (obecn\u00ed z\u0159\u00edzen\u00ed), ve zn\u011bn\u00ed pozd\u011bj\u0161\u00edch p\u0159edpis\u016f.<\/li>\n<li><strong> Organiza\u010dn\u00ed struktura: <\/strong>Samospr\u00e1va:\u00a0\u00a0\u00a0 Zastupitelstvo &#8211; 7 \u010dlen\u016f, St\u00e1tn\u00ed spr\u00e1va:\u00a0\u00a0\u00a0 Ing. Jan Drozd \u2013 starosta, B\u0159etislav Jemelka &#8211; m\u00edstostarosta<\/li>\n<li><strong> Kontaktn\u00ed spojen\u00ed<\/strong><\/li>\n<\/ol>\n<p>4.1. Kontaktn\u00ed po\u0161tovn\u00ed adresa: Obec Doubice, Obecn\u00ed \u00fa\u0159ad Doubice, Doubice \u010d.p.50, 407 47<\/p>\n<p>4.2. Adresa \u00fa\u0159adovny pro osobn\u00ed n\u00e1v\u0161t\u011bvu: Obec Doubice, Obecn\u00ed \u00fa\u0159ad Doubice, Doubice \u010d.p.50, 407 47<\/p>\n<p>4.3. \u00da\u0159edn\u00ed hodiny: Pond\u011bl\u00ed a St\u0159eda\u00a0\u00a0 08:00 \u2013 12:00, 14:00 \u2013 17:00, \u00dater\u00fd a P\u00e1tek\u00a0\u00a0\u00a0 08:00 \u2013 12:00<\/p>\n<p>4.4. Telefonn\u00ed \u010d\u00edsla: 412\u00a0331\u00a0699, 739\u00a0030 198<\/p>\n<p>4.5. \u010c\u00edsla faxu:\u00a0\u00a0\u00a0\u00a0\u00a0\u00a0\u00a0\u00a0\u00a0\u00a0\u00a0\u00a0 Nem\u00e1me fax<\/p>\n<p>4.6. Adresa internetov\u00e9 str\u00e1nky: ofici\u00e1ln\u00ed: www.oudoubice.cz<\/p>\n<p>4.7. Adresa e-podatelny: datov\u00e1 schr\u00e1nka: tixb7wc, elektronick\u00e1 adresa: oudoubice@volny.cz<\/p>\n<p>4.9. Datov\u00e1 schr\u00e1nka: ID ISDS: tixb7wc<\/p>\n<ol start=\"5\">\n<li><strong> P\u0159\u00edpadn\u00e9 platby lze pouk\u00e1zat: <\/strong>\u010c\u00edslo \u00fa\u010dtu: 101030436, k\u00f3d banky: 0300 , \u010cSOB a.s., Varnsdorf<\/li>\n<li><strong> Identifika\u010dn\u00ed \u010d\u00edslo: <\/strong>I\u010c: 47274212<\/li>\n<li><strong> Da\u0148ov\u00e9 identifika\u010dn\u00ed \u010d\u00edslo: <\/strong>DI\u010c: obec nen\u00ed pl\u00e1tcem DPH<\/li>\n<li><strong> Dokumenty<\/strong><\/li>\n<\/ol>\n<p>8.1. Seznamy hl. dokument\u016f: \u00dazemn\u00ed pl\u00e1n obce, Vydan\u00e9 obecn\u011b z\u00e1vazn\u00e9 vyhl\u00e1\u0161ky, Povod\u0148ov\u00fd pl\u00e1n obce Doubice &#8211; Uveden\u00e9 dokumenty k nahl\u00e9dnut\u00ed v kancel\u00e1\u0159i Obecn\u00edho \u00fa\u0159adu Doubice a na jin\u00fdch m\u00edstech t\u011bchto str\u00e1nek<\/p>\n<p>8.2. Rozpo\u010det &#8211; viz odd\u00edl &#8222;ekonomika&#8220; t\u011bchto webov\u00fdch str\u00e1nek<\/p>\n<ol start=\"9\">\n<li><strong> \u017d\u00e1dosti o informace: <\/strong>Zp\u016fsob a m\u00edsto z\u00edsk\u00e1v\u00e1n\u00ed informac\u00ed na Obecn\u00edm \u00fa\u0159ad\u011b Doubice &#8211; \u00fastn\u011b, p\u00edsemn\u011b, elektronicky<\/li>\n<li><strong> P\u0159\u00edjem \u017e\u00e1dost\u00ed a dal\u0161\u00edch pod\u00e1n\u00ed: <\/strong>\u017d\u00e1dost o informace se p\u0159ij\u00edmaj\u00ed na Obecn\u00edm \u00fa\u0159ad\u011b Doubice v \u00fa\u0159edn\u00edch hodin\u00e1ch. \u017d\u00e1dost m\u016f\u017ee b\u00fdt pod\u00e1na \u00fastn\u011b nebo p\u00edsemn\u011b, p\u0159\u00edpadn\u011b prost\u0159ednictv\u00edm telekomunika\u010dn\u00edho za\u0159\u00edzen\u00ed<\/li>\n<li><strong> Opravn\u00e9 prost\u0159edky<\/strong><\/li>\n<\/ol>\n<p>Zp\u016fsob odvol\u00e1n\u00ed a jeho obsah:<\/p>\n<ul>\n<li>proti rozhodnut\u00ed o\u00a0odm\u00edtnut\u00ed \u017e\u00e1dosti m\u016f\u017ee podat odvol\u00e1n\u00ed, a\u00a0to nejpozd\u011bji do 15\u00a0dn\u016f od jeho doru\u010den\u00ed<\/li>\n<li>odvol\u00e1n\u00ed se pod\u00e1v\u00e1 p\u00edsemn\u011b prost\u0159ednictv\u00edm doru\u010denky\u00a0 na adresu obecn\u00edho \u00fa\u0159adu,<\/li>\n<li>odvol\u00e1n\u00ed mus\u00ed obsahovat popis \u017e\u00e1dosti o pod\u00e1n\u00ed informace, kter\u00e9 nebylo vyhov\u011bno,\u00a0datum a m\u00edsto pod\u00e1n\u00ed, od\u016fvodn\u011bn\u00ed odvol\u00e1n\u00ed, podpis a bydli\u0161t\u011b \u017eadatele<\/li>\n<\/ul>\n<p>Opravn\u00e9 prost\u0159edky proti rozhodnut\u00ed org\u00e1n\u016f obce<\/p>\n<ul>\n<li>Proti rozhodnut\u00ed povinn\u00e9ho subjektu o odm\u00edtnut\u00ed \u017e\u00e1dosti lze podat odvol\u00e1n\u00ed ve lh\u016ft\u011b do 15 dn\u016f od doru\u010den\u00ed rozhodnut\u00ed nebo od marn\u00e9ho uplynut\u00ed lh\u016fty pro vy\u0159\u00edzen\u00ed \u017e\u00e1dosti v p\u0159\u00edpad\u011b uveden\u00e9m v \u00a7 15 odst. 4. z\u00e1kona \u010d. 106\/1999 Sb.<\/li>\n<li>Odvol\u00e1n\u00ed se pod\u00e1v\u00e1 u povinn\u00e9ho subjektu, kter\u00fd rozhodnut\u00ed vydal nebo m\u011bl vydat.<\/li>\n<li>O odvol\u00e1n\u00ed proti rozhodnut\u00ed povinn\u00e9ho subjektu rozhoduje povinn\u00fd subjekt nejbl\u00ed\u017ee vy\u0161\u0161\u00edho stupn\u011b nad\u0159\u00edzen\u00fd povinn\u00e9mu subjektu, kter\u00fd rozhodnut\u00ed vydal nebo m\u011bl vydat.<\/li>\n<li>Jde-li o rozhodnut\u00ed obecn\u00edho \u00fa\u0159adu, kter\u00e9 se t\u00fdk\u00e1 informac\u00ed ve v\u011bcech samostatn\u00e9 p\u016fsobnosti obce, rozhoduje o odvol\u00e1n\u00ed obecn\u00ed rada, pokud obecn\u00ed zastupitelstvo nestanov\u00ed, \u017ee rozhoduje jin\u00fd org\u00e1n obce.<\/li>\n<li>V ostatn\u00edch p\u0159\u00edpadech rozhoduje o odvol\u00e1n\u00ed ten, kdo stoj\u00ed v \u010dele povinn\u00e9ho subjektu, kter\u00fd rozhodnut\u00ed vydal nebo m\u011bl vydat, a je opr\u00e1vn\u011bn za n\u011bj jednat.<\/li>\n<li>Proti rozhodnut\u00ed o odvol\u00e1n\u00ed se nelze odvolat.Lze v\u0161ak podat n\u00e1vrh na p\u0159ezkoum\u00e1n\u00ed takov\u00e9ho rozhodnut\u00ed u\u00a0p\u0159\u00edslu\u0161n\u00e9ho soudu.<\/li>\n<\/ul>\n<ol start=\"12\">\n<li><strong> Formul\u00e1\u0159e: <\/strong>Ve\u0161ker\u00e9 formul\u00e1\u0159e jsou k dispozici na Obecn\u00edm \u00fa\u0159adu Doubice,<\/li>\n<li><strong> Popisy postup\u016f &#8211; n\u00e1vody pro \u0159e\u0161en\u00ed \u017eivotn\u00edch situac\u00ed: <\/strong>Informace o \u0159e\u0161en\u00ed \u017eivotn\u00ed situace V\u00e1m budou poskytnuty v kancel\u00e1\u0159i Obecn\u00edho \u00fa\u0159adu Doubice.<\/li>\n<li><strong> P\u0159edpisy<\/strong><\/li>\n<\/ol>\n<p>14.1. Nejd\u016fle\u017eit\u011bj\u0161\u00ed pou\u017e\u00edvan\u00e9 p\u0159edpisy &#8211; pr\u00e1vn\u00ed \u00faprava \u010cR<\/p>\n<p>14.2. Vydan\u00e9 pr\u00e1vn\u00ed p\u0159edpisy &#8211; viz samostatn\u00e1 str\u00e1nka webu &#8211; Obecn\u011b z\u00e1vazn\u00e9 vyhl\u00e1\u0161ky obce<\/p>\n<ol start=\"15\">\n<li><strong> \u00dahrady za poskytov\u00e1n\u00ed informac\u00ed<\/strong><\/li>\n<\/ol>\n<p>15.1. Sazebn\u00edk \u00fahrad za poskytov\u00e1n\u00ed informac\u00ed: Obecn\u00ed \u00fa\u0159ad je opr\u00e1vn\u011bn po\u017eadovat \u00fahradu n\u00e1klad\u016f spojen\u00fdch s vyhled\u00e1v\u00e1n\u00edm informac\u00ed, nap\u0159. za p\u0159\u00edmou mzdu pracovn\u00edka, po\u0159izov\u00e1n\u00ed kopi\u00ed a technick\u00fdch nosi\u010d\u016f dat a odes\u00edl\u00e1n\u00ed informac\u00ed, p\u0159i\u010dem\u017e vyd\u00e1n\u00ed informace se m\u016f\u017ee podm\u00ednit zaplacen\u00edm \u00fahrady nebo z\u00e1lohy<\/p>\n<p>15.2. Usnesen\u00ed nad\u0159\u00edzen\u00e9ho org\u00e1nu o v\u00fd\u0161i \u00fahrad za poskytnut\u00ed informac\u00ed: \u017dadatel m\u016f\u017ee podat na postup p\u0159i vy\u0159izov\u00e1n\u00ed \u017e\u00e1dosti o informaci st\u00ed\u017enost, pokud nesouhlas\u00ed s v\u00fd\u0161\u00ed \u00fahrady sd\u011blen\u00e9 \u017eadateli p\u00edsemn\u011b povinn\u00fdm subjektem p\u0159ed pod\u00e1n\u00edm informace nebo nesouhlas\u00ed s v\u00fd\u0161\u00ed odm\u011bny za opr\u00e1vn\u011bn\u00ed u\u017e\u00edt informaci na z\u00e1klad\u011b licen\u010dn\u00ed smlouvy. St\u00ed\u017enost lze podat p\u00edsemn\u011b nebo \u00fastn\u011b, a to u povinn\u00e9ho subjektu. O st\u00ed\u017enosti rozhoduje nad\u0159\u00edzen\u00fd org\u00e1n. V sou\u010dasn\u00e9 dob\u011b nejsou vyd\u00e1na \u017e\u00e1dn\u00e1 usnesen\u00ed nad\u0159\u00edzen\u00e9ho org\u00e1nu t\u00fdkaj\u00edc\u00edch se t\u011bchto st\u00ed\u017enost\u00ed.<\/p>\n<ol start=\"16\">\n<li><strong> Licen\u010dn\u00ed smlouvy<\/strong><\/li>\n<\/ol>\n<p>16.1. Vzory licen\u010dn\u00edch smluv &#8211; nejsou<\/p>\n<p>16.2. V\u00fdhradn\u00ed licence &#8211; V sou\u010dasn\u00e9 dob\u011b nejsou obc\u00ed Doubice poskytnuty \u017e\u00e1dn\u00e9 v\u00fdhradn\u00ed licence podle \u00a7 14a odst. 4 z\u00e1kona \u010d. 106\/1999 Sb., o svobodn\u00e9m p\u0159\u00edstupu k informac\u00edm, ve zn\u011bn\u00ed pozd\u011bj\u0161\u00edch p\u0159edpis\u016f.<\/p>\n<ol start=\"17\">\n<li><strong> V\u00fdro\u010dn\u00ed zpr\u00e1va podle z\u00e1kona \u010d. 106\/1999 Sb.<\/strong><\/li>\n<\/ol>\n<p>V\u00fdro\u010dn\u00ed zpr\u00e1va\u00a0za rok 2016 &#8211; <a href=\"http:\/\/oudoubice.cz\/wp-content\/uploads\/2015\/07\/v\u00fdro\u010dn\u00ed-zpr\u00e1va-zakon-106-za-rok-2016-2.pdf\">zobrazit<\/a><\/p>\n<p>V\u00fdro\u010dn\u00ed zpr\u00e1va za rok 2017 &#8211; <a href=\"http:\/\/oudoubice.cz\/wp-content\/uploads\/2018\/01\/v\u00fdro\u010dn\u00ed-zpr\u00e1va-zakon-106-za-rok-2017.pdf\">zobrazit<\/a><\/p>\n<p>V\u00fdro\u010dn\u00ed zpr\u00e1va za rok 2018 &#8211; <a href=\"http:\/\/oudoubice.cz\/wp-content\/uploads\/2019\/03\/v\u00fdro\u010dn\u00ed-zpr\u00e1va-zakon-106-za-rok-2018-web.pdf\">zobrazit<\/a><\/p>\n<p>V\u00fdro\u010dn\u00ed zpr\u00e1va za rok 2019 &#8211; <a href=\"http:\/\/oudoubice.cz\/wp-content\/uploads\/2020\/01\/v\u00fdro\u010dn\u00ed-zpr\u00e1va-zakon-106-za-rok-2019.pdf\">zobrazit<\/a><\/p>\n<p>V\u00fdro\u010dn\u00ed zpr\u00e1va za rok 2020 &#8211; <a href=\"http:\/\/oudoubice.cz\/wp-content\/uploads\/2021\/05\/vyrocni-zprava-zakon-106-za-rok-2020.pdf\">zobrazit<\/a><\/p>\n<p>V\u00fdro\u010dn\u00ed zpr\u00e1va za rok 2021 &#8211; <a href=\"https:\/\/oudoubice.cz\/wp-content\/uploads\/2023\/01\/vyrocni-zprava-zakon-106-za-rok-2021.pdf\">zobrazit<\/a><\/p>\n<p>V\u00fdro\u010dn\u00ed zpr\u00e1va za rok 2022 &#8211; <a href=\"https:\/\/oudoubice.cz\/wp-content\/uploads\/2023\/01\/vyrocni-zprava-zakon-106-za-rok-2022.pdf\">zobrazit<\/a><\/p>\n<p>V\u00fdro\u010dn\u00ed zpr\u00e1va za rok 2023 &#8211;<a href=\"https:\/\/oudoubice.cz\/wp-content\/uploads\/2026\/02\/vyrocni-zprava-zakon-106-za-rok-2023.pdf\"> zobrazit<\/a><\/p>\n<p>V\u00fdro\u010dn\u00ed zpr\u00e1va za rok 2024 &#8211;<a href=\"https:\/\/oudoubice.cz\/wp-content\/uploads\/2026\/02\/vyrocni-zprava-zakon-106-za-rok-2024.pdf\"> zobrazit<\/a><\/p>\n<p>V\u00fdro\u010dn\u00ed zpr\u00e1va za rok 2025 &#8211;<a href=\"https:\/\/oudoubice.cz\/wp-content\/uploads\/2026\/02\/vyrocni-zprava-zakon-106-za-rok-2025.pdf\"> zobrazit<\/a><\/p>\n<p>[\/vc_column_text][\/vc_column][\/vc_row][vc_row][vc_column]<div class=\"c-team-member\"><div class=\"c-content-box\"><div class=\"team-member-inner\"><h3 class=\"member-name\">Ing. Jan Drozd<\/h3><h4 class=\"member-role\">starosta obce<\/h4><div class=\"member-description\"><p>737 276 982<\/p>\n<\/div><\/div><\/div><\/div>[\/vc_column][\/vc_row][vc_row][vc_column]<div class=\"c-team-member\"><div class=\"c-content-box\"><div class=\"team-member-inner\"><h3 class=\"member-name\">B\u0159etislav Jemelka<\/h3><h4 class=\"member-role\">m\u00edstostarosta obce<\/h4><div class=\"member-description\"><p>737 276 980<\/p>\n<\/div><\/div><\/div><\/div>[\/vc_column][\/vc_row]<\/p>\n","protected":false},"excerpt":{"rendered":"<p>[vc_row][vc_column][vc_column_text] Povinn\u011b zve\u0159ej\u0148ovan\u00e9 informace Povinn\u011b zve\u0159ej\u0148ovan\u00e9 informace podle vyhl\u00e1\u0161ky \u010d. 442\/2006, kter\u00e1 stanov\u00ed strukturu informac\u00ed zve\u0159ej\u0148ovan\u00fdch o povinn\u00e9m subjektu dle \u00a7 5 odst. 1 a 2 z\u00e1kona \u010d. 106\/1999 Sb., o svobodn\u00e9m p\u0159\u00edstupu k informac\u00edm, ve zn\u011bn\u00ed pozd\u011bj\u0161\u00edch p\u0159edpis\u016f.\u00a0 N\u00e1zev: Obec Doubice, Obecn\u00ed \u00fa\u0159ad Doubice D\u016fvod a zp\u016fsob zalo\u017een\u00ed: Obec Doubice je zalo\u017eena v souladu [&hellip;]<\/p>\n","protected":false},"author":1,"featured_media":0,"parent":0,"menu_order":0,"comment_status":"closed","ping_status":"closed","template":"","meta":{"_mi_skip_tracking":false,"_monsterinsights_sitenote_active":false,"_monsterinsights_sitenote_note":"","_monsterinsights_sitenote_category":0},"_links":{"self":[{"href":"https:\/\/oudoubice.cz\/index.php\/wp-json\/wp\/v2\/pages\/189"}],"collection":[{"href":"https:\/\/oudoubice.cz\/index.php\/wp-json\/wp\/v2\/pages"}],"about":[{"href":"https:\/\/oudoubice.cz\/index.php\/wp-json\/wp\/v2\/types\/page"}],"author":[{"embeddable":true,"href":"https:\/\/oudoubice.cz\/index.php\/wp-json\/wp\/v2\/users\/1"}],"replies":[{"embeddable":true,"href":"https:\/\/oudoubice.cz\/index.php\/wp-json\/wp\/v2\/comments?post=189"}],"version-history":[{"count":34,"href":"https:\/\/oudoubice.cz\/index.php\/wp-json\/wp\/v2\/pages\/189\/revisions"}],"predecessor-version":[{"id":8629,"href":"https:\/\/oudoubice.cz\/index.php\/wp-json\/wp\/v2\/pages\/189\/revisions\/8629"}],"wp:attachment":[{"href":"https:\/\/oudoubice.cz\/index.php\/wp-json\/wp\/v2\/media?parent=189"}],"curies":[{"name":"wp","href":"https:\/\/api.w.org\/{rel}","templated":true}]}}