{"id":2901,"date":"2018-06-07T11:22:23","date_gmt":"2018-06-07T10:22:23","guid":{"rendered":"http:\/\/oudoubice.cz\/?page_id=2901"},"modified":"2021-09-16T11:24:16","modified_gmt":"2021-09-16T10:24:16","slug":"vodovod-obecne-informace","status":"publish","type":"page","link":"https:\/\/oudoubice.cz\/index.php\/vodovod-obecne-informace\/","title":{"rendered":"Vodovod Doubice"},"content":{"rendered":"<p>Obec Doubice p\u0159evzala od 01.01.2018 do sv\u00e9 re\u017eie provoz obecn\u00edho vodovodu od spole\u010dnosti \u0160\u010cVaK (pota\u017emo SVS, a.s.). Od ledna 2018 tedy dod\u00e1vku pitn\u00e9 vody zaji\u0161\u0165uje obec Doubice.<\/p>\n<p>Cena vodn\u00e9ho na rok 2021 byla stanovena v\u00fdpo\u010dtem dle platn\u00fdch pr\u00e1vn\u00edch p\u0159edpis\u016f a schv\u00e1lena zastupitelstvem obce.\u00a0 <a href=\"https:\/\/oudoubice.cz\/index.php\/2020\/11\/25\/vyhlaseni-ceny-vodneho-na-rok-2021-vodovod-obce-doubice\/\">Zde odkaz na \u00fa\u0159edn\u00ed desku obce.<\/a><\/p>\n<p>V p\u0159\u00edpad\u011b hav\u00e1rie p\u0159\u00edpojky \u010di vodovodn\u00edho \u0159adu, po\u0161kozen\u00ed vodom\u011bru, nebo jin\u00e9 situace t\u00fdkaj\u00edc\u00ed se provozu vodovodu se obracejte na starostu ( Drozd &#8211; 737276982 ) nebo m\u00edstostarostu ( Jemelka &#8211; 737276980 ) obce Doubice.<\/p>\n","protected":false},"excerpt":{"rendered":"<p>Obec Doubice p\u0159evzala od 01.01.2018 do sv\u00e9 re\u017eie provoz obecn\u00edho vodovodu od spole\u010dnosti \u0160\u010cVaK (pota\u017emo SVS, a.s.). Od ledna 2018 tedy dod\u00e1vku pitn\u00e9 vody zaji\u0161\u0165uje obec Doubice. Cena vodn\u00e9ho na rok 2021 byla stanovena v\u00fdpo\u010dtem dle platn\u00fdch pr\u00e1vn\u00edch p\u0159edpis\u016f a schv\u00e1lena zastupitelstvem obce.\u00a0 Zde odkaz na \u00fa\u0159edn\u00ed desku obce. V p\u0159\u00edpad\u011b hav\u00e1rie p\u0159\u00edpojky \u010di vodovodn\u00edho [&hellip;]<\/p>\n","protected":false},"author":1,"featured_media":0,"parent":0,"menu_order":0,"comment_status":"closed","ping_status":"closed","template":"","meta":{"_mi_skip_tracking":false,"_monsterinsights_sitenote_active":false,"_monsterinsights_sitenote_note":"","_monsterinsights_sitenote_category":0},"_links":{"self":[{"href":"https:\/\/oudoubice.cz\/index.php\/wp-json\/wp\/v2\/pages\/2901"}],"collection":[{"href":"https:\/\/oudoubice.cz\/index.php\/wp-json\/wp\/v2\/pages"}],"about":[{"href":"https:\/\/oudoubice.cz\/index.php\/wp-json\/wp\/v2\/types\/page"}],"author":[{"embeddable":true,"href":"https:\/\/oudoubice.cz\/index.php\/wp-json\/wp\/v2\/users\/1"}],"replies":[{"embeddable":true,"href":"https:\/\/oudoubice.cz\/index.php\/wp-json\/wp\/v2\/comments?post=2901"}],"version-history":[{"count":6,"href":"https:\/\/oudoubice.cz\/index.php\/wp-json\/wp\/v2\/pages\/2901\/revisions"}],"predecessor-version":[{"id":5431,"href":"https:\/\/oudoubice.cz\/index.php\/wp-json\/wp\/v2\/pages\/2901\/revisions\/5431"}],"wp:attachment":[{"href":"https:\/\/oudoubice.cz\/index.php\/wp-json\/wp\/v2\/media?parent=2901"}],"curies":[{"name":"wp","href":"https:\/\/api.w.org\/{rel}","templated":true}]}}