{"id":298,"date":"2015-07-03T08:34:36","date_gmt":"2015-07-03T07:34:36","guid":{"rendered":"http:\/\/jirivetvicka.cz\/?page_id=298"},"modified":"2017-03-03T14:01:17","modified_gmt":"2017-03-03T13:01:17","slug":"tipy-na-vylety","status":"publish","type":"page","link":"https:\/\/oudoubice.cz\/index.php\/tipy-na-vylety\/","title":{"rendered":"Tipy na v\u00fdlety"},"content":{"rendered":"<p>[vc_row][vc_column][vc_column_text]<strong>Kyjovsk\u00e9 \u00fadol\u00ed<\/strong><\/p>\n<p>Kyjovsk\u00e9 \u00fadol\u00ed najdete vedle obce Kyjov (3 km od Doubice). Z\u00a0Doubice vede do Kyjovsk\u00e9ho \u00fadol\u00ed zelen\u00e1 turistick\u00e1 zna\u010dka. Kyjovsk\u00e9 \u00fadol\u00ed je \u0161irok\u00fd skaln\u00ed ka\u0148on vytvo\u0159en\u00fd \u0159ekou K\u0159inice. Vede zde pohodln\u00e1 p\u011b\u0161\u00ed trasa a cyklostezka, v\u00fdlet do \u00fadol\u00ed je vhodn\u00fd i pro ko\u010d\u00e1rky (asfaltov\u00e1 silnice). Na za\u010d\u00e1tku \u00fadol\u00ed v\u00a0obci Kyjov lze nal\u00e9zt n\u011bkolik restaurac\u00ed k\u00a0ob\u010derstven\u00ed. V\u00a0zimn\u00edm obdob\u00ed jsou sk\u00e1ly v\u00a0Kyjovsk\u00e9m \u00fadol\u00ed zdobeny ledop\u00e1dy. Cestou Kyjovsk\u00fdm \u00fadol\u00edm je mo\u017en\u00e9 nav\u0161t\u00edvit n\u011bkolik skaln\u00edch vyhl\u00eddek (Kinsk\u00e9ho vyhl\u00eddka, Kyjovsk\u00fd hr\u00e1dek).<a class=\"irc_mil i3597 iE_HtlYSBXlQ-zixyDjKkw5M\" tabindex=\"0\" href=\"https:\/\/www.google.cz\/url?sa=i&amp;rct=j&amp;q=&amp;esrc=s&amp;source=images&amp;cd=&amp;cad=rja&amp;uact=8&amp;ved=0ahUKEwj9oY7ogLXSAhVEDxoKHSHsDtsQjRwIBw&amp;url=http%3A%2F%2Fmapio.net%2Fpic%2Fp-14109423%2F&amp;psig=AFQjCNF04_iXsDe4lebmvvgHcuawjRzeog&amp;ust=1488447301381722\" target=\"_blank\" rel=\"noopener\" data-ved=\"0ahUKEwj9oY7ogLXSAhVEDxoKHSHsDtsQjRwIBw\" data-noload=\"\"><img loading=\"lazy\" class=\"irc_mi aligncenter\" src=\"http:\/\/static.panoramio.com\/photos\/original\/6872153.jpg\" alt=\"V\u00fdsledek obr\u00e1zku pro kyjovsk\u00e9 \u00fadol\u00ed\" width=\"746\" height=\"497\" \/><\/a><\/p>\n<p>&nbsp;<\/p>\n<p><strong>My\u0161\u00ed d\u00edry (\u00dazk\u00e9 schody)<\/strong><\/p>\n<p>Jedn\u00e1 se o \u00fazkou skaln\u00ed pr\u016frvu nedaleko turisticky obl\u00edben\u00e9ho m\u00edsta Na Tok\u00e1ni u Jet\u0159ichovic. Za zp\u0159\u00edstupn\u011bn\u00edm skaln\u00ed pr\u016frvy v\u00a019. stolet\u00ed st\u00e1l tehdej\u0161\u00ed majitel panstv\u00ed, kn\u00ed\u017ee Ferdinand Kinsk\u00fd, kter\u00fd tehdy zp\u0159\u00edstupnil sv\u00e1 \u00fazem\u00ed turist\u016fm. P\u016fvodn\u011b se toto\u00a0m\u00edsto naz\u00fdvalo Trpasli\u010d\u00ed rokl\u00ed, nebo tak\u00e9 And\u011blsk\u00e9 schody, dnes je rovn\u011b\u017e pou\u017e\u00edv\u00e1n n\u00e1zev My\u0161\u00ed d\u00edry. V\u00fdstup \u00dazk\u00fdmi schody vede po kamenn\u00fdch sch\u016fdc\u00edch a \u017eeb\u0159\u00edc\u00edch a je pom\u011brn\u011b n\u00e1ro\u010dn\u00fd. Po vystoup\u00e1n\u00ed na skaln\u00ed plo\u0161inky se nab\u00edzej\u00ed kr\u00e1sn\u00e9 v\u00fdhledy na okoln\u00ed sk\u00e1ly. Na jedn\u00e9 ze skal se dodnes uchoval vytesan\u00fd znak, v\u00a0podob\u011b velk\u00e9ho dvojit\u00e9ho W. Jedn\u00e1 se o reli\u00e9f s\u00a0korunkou, tak zvanou Kn\u011b\u017eninu desku. Tento znak byl symbolem kn\u011b\u017eny Vilem\u00edny Kinsk\u00e9 a zde p\u0159ipom\u00edn\u00e1 jej\u00ed n\u00e1v\u0161t\u011bvu roku 1849. V\u00fdstup je zna\u010dn\u011b\u00a0n\u00e1ro\u010dn\u00fd a nen\u00ed proto vhodn\u00fd pro rodiny s\u00a0mal\u00fdmi d\u011btmi a ko\u010d\u00e1rky. Z\u00a0Doubice jsou \u00fazk\u00e9 schody p\u0159\u00edstupn\u00e9 po \u017elut\u00e9 turistick\u00e9 zna\u010dce. <img loading=\"lazy\" class=\"aligncenter\" src=\"http:\/\/files.ceske-svycarsko.webnode.cz\/200094269-d7c31d9d92\/Uzke%20Schody%207.jpg\" alt=\"\" width=\"606\" height=\"292\" \/><\/p>\n<p><strong>Tok\u00e1\u0148<\/strong><\/p>\n<p>P\u016fvodn\u00ed sruby v alpsk\u00e9m slohu postaven\u00e9 tehdej\u0161\u00edm majitelem velkostatku \u010cesk\u00e1 Kemnice kn\u00ed\u017eetem Kinsk\u00fdm. Nach\u00e1z\u00ed se ve st\u0159edu Jet\u0159ichovick\u00fdch st\u011bn a dnes nab\u00edz\u00ed romantick\u00e9 ubytov\u00e1n\u00ed a n\u011bkolik hostinc\u016f s p\u0159\u00edjemn\u00fdm posezen\u00edm. M\u00edsto lze vyu\u017e\u00edt jako p\u0159est\u00e1vku na toulk\u00e1ch skaln\u00edmi m\u011bsty nedot\u010den\u00e9 p\u0159\u00edrody N\u00e1rodn\u00edho parku \u010cesk\u00e9 \u0160v\u00fdcarsko. Na Tok\u00e1\u0148 se z Doubice dotanete po \u017elut\u00e9 turistick\u00e9 zna\u010dce nebo po cyklostezce zvan\u00e9 Prvn\u00ed br\u00e1na (\u010d\u00edslo 3076).<img loading=\"lazy\" class=\"aligncenter\" src=\"http:\/\/files.ceske-svycarsko.webnode.cz\/200053611-3c02c3cfce\/Loveck\u00e1%20chata%20Tok\u00e1\u0148%20550.jpg\" alt=\"Loveck\u00e1 chata Tok\u00e1\u0148\" width=\"625\" height=\"301\" \/><\/p>\n<p><strong>Ch\u0159ibsk\u00fd hr\u00e1dek<\/strong><\/p>\n<p>Ch\u0159ibsk\u00fd hr\u00e1dek (t\u00e9\u017e Hrad v Doln\u00ed Ch\u0159ibsk\u00e9 nebo Karl\u0161tejn) je jedn\u00edm ze \u0161esti zn\u00e1m\u00fdch skaln\u00edch hrad\u016f v oblasti \u010ceskosask\u00e9ho \u0160v\u00fdcarska, pobl\u00ed\u017e silni\u010dky spojuj\u00edc\u00ed Doubici a Doln\u00ed Ch\u0159ibskou, na 30 metr\u016f vysok\u00e9 sk\u00e1le obt\u00e9kan\u00e9 Doubick\u00fdm potokem, pobl\u00ed\u017e h\u00e1jovny U Sloupu (dnes informa\u010dn\u00ed st\u0159edisko N\u00e1rodn\u00edho parku \u010cesk\u00e9 \u0160v\u00fdcarsko). Ostroh s hr\u00e1dkem stoj\u00ed na lev\u00e9m b\u0159ehu Doubick\u00e9ho potoka v nadmo\u0159sk\u00e9 v\u00fd\u0161ce asi 340 m n. m. v ji\u017en\u00ed \u010d\u00e1sti katastr\u00e1ln\u00edho \u00fazem\u00ed Doubice. Od roku 1958 je chr\u00e1n\u011bn jako kulturn\u00ed pam\u00e1tka \u010cR.<\/p>\n<p><a class=\"irc_mil i3597 iukIELIaIQhs-zixyDjKkw5M\" tabindex=\"0\" href=\"https:\/\/www.google.cz\/url?sa=i&amp;rct=j&amp;q=&amp;esrc=s&amp;source=images&amp;cd=&amp;cad=rja&amp;uact=8&amp;ved=0ahUKEwidn5vBirXSAhWDVRQKHXHkAYQQjRwIBw&amp;url=http%3A%2F%2Fplaceandsee.com%2Fwiki%2Fchribsky-hradek&amp;psig=AFQjCNHmWDDXjjy6YB256dakSMWlwwytOA&amp;ust=1488450001463711\" target=\"_blank\" rel=\"noopener\" data-ved=\"0ahUKEwidn5vBirXSAhWDVRQKHXHkAYQQjRwIBw\" data-noload=\"\"><img loading=\"lazy\" class=\"irc_mi aligncenter\" src=\"http:\/\/static.panoramio.com\/photos\/medium\/64037960.jpg\" alt=\"V\u00fdsledek obr\u00e1zku pro ch\u0159ibsk\u00fd hr\u00e1dek\" width=\"635\" height=\"476\" \/><\/a><\/p>\n<p><strong>Spravedlnost<\/strong><\/p>\n<p>Vrch Spravedlnost (533 m.n.m.). Ji\u017en\u011b od Doubice, vrchol zp\u0159\u00edstupn\u011bn \u017elutou turistickou stezkou. Na vrcholu je kr\u00e1sn\u00e1 vyhl\u00eddka na Lu\u017eick\u00e9 hory a \u010cesk\u00e9 \u0160v\u00fdcarsko. Je zde um\u00edst\u011bna i nau\u010dn\u00e1 stezka t\u00fdkaj\u00edc\u00ed se stejnojmenn\u00e9 p\u0159\u00edrodn\u00ed rezervace. V jarn\u00edm m\u011bs\u00edc\u00edch je zde hojn\u011b k vid\u011bn\u00ed kvetouc\u00ed m\u011bs\u00ed\u010dnice vytrval\u00e1. Z Doubice se k n\u011bmu nejrychleji dostanete po st\u00e1tn\u00ed silni vedouc\u00ed sm\u011brem na Rybni\u0161t\u011b.<\/p>\n<p><img loading=\"lazy\" class=\"mw-mmv-final-image jpg mw-mmv-dialog-is-open aligncenter\" src=\"https:\/\/upload.wikimedia.org\/wikipedia\/commons\/thumb\/a\/a8\/Vrcholov%C3%A9_skalky_na_Spravedlnosti.jpg\/1280px-Vrcholov%C3%A9_skalky_na_Spravedlnosti.jpg\" alt=\"\" width=\"657\" height=\"493\" \/><\/p>\n<p><strong>Karlova v\u00fd\u0161ina<\/strong><\/p>\n<p>Karlova v\u00fd\u0161ina naz\u00fdv\u00e1na tak\u00e9 \u0160irok\u00fd vrch, je t\u00e1hl\u00fd zn\u011blcov\u00fd vrch, le\u017e\u00edc\u00ed asi\u00a02 km v\u00fdchodn\u011b od Doubice. Spat\u0159\u00edte p\u011bkn\u00fd v\u00fdhled k z\u00e1padu na zvln\u011bnou lesnatou krajinu \u010ceskosask\u00e9ho \u0160v\u00fdcarska a na obec Doubice. Kolem vyhl\u00eddky vede \u017elut\u00e1 turistick\u00e1 zna\u010dka.<\/p>\n<p><img loading=\"lazy\" class=\"obr aligncenter\" src=\"http:\/\/www.luzicke-hory.cz\/mista\/zm\/05\/max\/sirv_f01.jpg\" alt=\"Obr\u00e1zek\" width=\"658\" height=\"493\" \/><\/p>\n<p><strong>Brtnick\u00e9 ledop\u00e1dy<\/strong><\/p>\n<p>Brtnick\u00e9 ledop\u00e1dy se tvo\u0159\u00ed v chladn\u00fdch zim\u00e1ch v \u00fadol\u00ed Vl\u010d\u00edho potoka na \u00fazem\u00ed N\u00e1rodn\u00edho parku \u010cesk\u00e9 \u0160v\u00fdcarsko. Jedn\u00e1 se o kr\u00e1sn\u00e9 rampouchy tvo\u0159\u00edc\u00ed se na p\u00edskovcov\u00fdch skal\u00e1ch, p\u0159i\u010dem\u017e ka\u017ed\u00fd z ledop\u00e1d\u016f je jinak pojmenov\u00e1n. Kolem ledop\u00e1du je vedena turistick\u00e1 trasa, kter\u00e1 ty nekr\u00e1sn\u011bj\u0161\u00edch z nich zp\u0159\u00edstup\u0148uje ve\u0159ejnosti. K ledop\u00e1d\u016fm se v zim\u011b dostane z Kyjovsk\u00e9ho \u00fadol\u00ed a nebo z obce Brtn\u00edky. V l\u00e9t\u011b bohu\u017eel ledop\u00e1dy k vid\u011bn\u00ed nejsou. P\u0159i v\u00fdprav\u011b za ledop\u00e1dy nezapome\u0148te na zimn\u00ed v\u00fdbavu! (dobr\u00e9 nesmekav\u00e9 boty, tepl\u00e9 oble\u010den\u00ed, ide\u00e1ln\u011b h\u016flky)<\/p>\n<p><a class=\"irc_mil i3597 iseYa4PNWm90-zixyDjKkw5M\" tabindex=\"0\" href=\"https:\/\/www.google.cz\/url?sa=i&amp;rct=j&amp;q=&amp;esrc=s&amp;source=images&amp;cd=&amp;cad=rja&amp;uact=8&amp;ved=0ahUKEwijyJKgjrXSAhVFaRQKHdrXA9sQjRwIBw&amp;url=https%3A%2F%2Fwww.i60.cz%2Fclanek%2Fdetail%2F10473%2Fbrtnicke-ledopady&amp;psig=AFQjCNGI3cTC1hAux7EwYeZAmqa-ug9qNg&amp;ust=1488451011383382\" target=\"_blank\" rel=\"noopener\" data-ved=\"0ahUKEwijyJKgjrXSAhVFaRQKHdrXA9sQjRwIBw\" data-noload=\"\"><img loading=\"lazy\" class=\"irc_mi aligncenter\" src=\"https:\/\/www.i60.cz\/images\/ledopady_uvod_201501081442228_201501091724514.jpg\" alt=\"V\u00fdsledek obr\u00e1zku pro brtnick\u00e9 ledop\u00e1dy\" width=\"800\" height=\"423\" \/><\/a><\/p>\n<p><strong>D\u016fm \u010cesk\u00e9ho \u0160v\u00fdcarska<\/strong><\/p>\n<p>N\u00e1v\u0161t\u011bvnick\u00e9 st\u0159edisko regionu \u010cesk\u00e9ho \u0160v\u00fdcarska nab\u00edz\u00ed turist\u016fm i m\u00edstn\u00edm ob\u010dan\u016fm komplexn\u00ed informa\u010dn\u00ed, turistick\u00e9, vzd\u011bl\u00e1vac\u00ed, poradensk\u00e9 a produk\u010dn\u011b publika\u010dn\u00ed slu\u017eby. Najdete ho ve m\u011bst\u011b Kr\u00e1sn\u00e1 L\u00edpa (5 km od Doubice) na K\u0159inick\u00e9m n\u00e1m\u011bst\u00ed, kde lze i pohodln\u011b zaparkovat. Je zde um\u00edst\u011bna rozs\u00e1hl\u00e1 interaktivn\u00ed expozice v\u011bnovan\u00e1 p\u0159\u00edrod\u011b \u010cesk\u00e9ho \u0160v\u00fdcarska a historii regionu.<\/p>\n<p><img loading=\"lazy\" class=\"aligncenter\" src=\"http:\/\/files.ceske-svycarsko.webnode.cz\/200049067-1d0691e007\/d\u016fm%20\u010desk\u00e9ho%20\u0161v\u00fdcarska.JPG\" alt=\"\" width=\"679\" height=\"327\" \/><\/p>\n<p>[\/vc_column_text][\/vc_column][\/vc_row]<\/p>\n","protected":false},"excerpt":{"rendered":"<p>[vc_row][vc_column][vc_column_text]Kyjovsk\u00e9 \u00fadol\u00ed Kyjovsk\u00e9 \u00fadol\u00ed najdete vedle obce Kyjov (3 km od Doubice). Z\u00a0Doubice vede do Kyjovsk\u00e9ho \u00fadol\u00ed zelen\u00e1 turistick\u00e1 zna\u010dka. Kyjovsk\u00e9 \u00fadol\u00ed je \u0161irok\u00fd skaln\u00ed ka\u0148on vytvo\u0159en\u00fd \u0159ekou K\u0159inice. Vede zde pohodln\u00e1 p\u011b\u0161\u00ed trasa a cyklostezka, v\u00fdlet do \u00fadol\u00ed je vhodn\u00fd i pro ko\u010d\u00e1rky (asfaltov\u00e1 silnice). Na za\u010d\u00e1tku \u00fadol\u00ed v\u00a0obci Kyjov lze nal\u00e9zt n\u011bkolik restaurac\u00ed [&hellip;]<\/p>\n","protected":false},"author":1,"featured_media":0,"parent":0,"menu_order":0,"comment_status":"open","ping_status":"open","template":"","meta":{"_mi_skip_tracking":false,"_monsterinsights_sitenote_active":false,"_monsterinsights_sitenote_note":"","_monsterinsights_sitenote_category":0},"_links":{"self":[{"href":"https:\/\/oudoubice.cz\/index.php\/wp-json\/wp\/v2\/pages\/298"}],"collection":[{"href":"https:\/\/oudoubice.cz\/index.php\/wp-json\/wp\/v2\/pages"}],"about":[{"href":"https:\/\/oudoubice.cz\/index.php\/wp-json\/wp\/v2\/types\/page"}],"author":[{"embeddable":true,"href":"https:\/\/oudoubice.cz\/index.php\/wp-json\/wp\/v2\/users\/1"}],"replies":[{"embeddable":true,"href":"https:\/\/oudoubice.cz\/index.php\/wp-json\/wp\/v2\/comments?post=298"}],"version-history":[{"count":14,"href":"https:\/\/oudoubice.cz\/index.php\/wp-json\/wp\/v2\/pages\/298\/revisions"}],"predecessor-version":[{"id":1595,"href":"https:\/\/oudoubice.cz\/index.php\/wp-json\/wp\/v2\/pages\/298\/revisions\/1595"}],"wp:attachment":[{"href":"https:\/\/oudoubice.cz\/index.php\/wp-json\/wp\/v2\/media?parent=298"}],"curies":[{"name":"wp","href":"https:\/\/api.w.org\/{rel}","templated":true}]}}